{"id":21,"date":"2025-11-02T22:09:08","date_gmt":"2025-11-02T21:09:08","guid":{"rendered":"http:\/\/Juliak.you2.pl\/?page_id=21"},"modified":"2025-11-02T22:09:09","modified_gmt":"2025-11-02T21:09:09","slug":"oferta-kwiatow-doniczkowych","status":"publish","type":"page","link":"https:\/\/Juliak.you2.pl\/index.php\/oferta-kwiatow-doniczkowych\/","title":{"rendered":"Oferta Kwiat\u00f3w doniczkowych"},"content":{"rendered":"\n<ul class=\"wp-block-list\">\n<li>Oferujemy szeroki wyb\u00f3r <strong>kwiat\u00f3w doniczkowych<\/strong>, kt\u00f3re o\u017cywi\u0105 ka\u017cde wn\u0119trze i wprowadz\u0105 odrobin\u0119 natury do Twojej przestrzeni. W naszej kolekcji znajdziesz zar\u00f3wno <strong>ro\u015bliny klasyczne<\/strong>, jak i <strong>egzotyczne gatunki<\/strong>, idealne do domu, biura czy na prezent. Ka\u017cda ro\u015blina jest starannie dobrana, by zachwyca\u0107 wygl\u0105dem i \u0142atwo\u015bci\u0105 piel\u0119gnacji.<\/li>\n<\/ul>\n\n\n\n<p><\/p>\n","protected":false},"excerpt":{"rendered":"","protected":false},"author":1,"featured_media":0,"parent":0,"menu_order":0,"comment_status":"closed","ping_status":"closed","template":"","meta":{"om_disable_all_campaigns":false,"_monsterinsights_skip_tracking":false,"_monsterinsights_sitenote_active":false,"_monsterinsights_sitenote_note":"","_monsterinsights_sitenote_category":0,"footnotes":""},"class_list":["post-21","page","type-page","status-publish","hentry"],"aioseo_notices":[],"_links":{"self":[{"href":"https:\/\/Juliak.you2.pl\/index.php\/wp-json\/wp\/v2\/pages\/21","targetHints":{"allow":["GET"]}}],"collection":[{"href":"https:\/\/Juliak.you2.pl\/index.php\/wp-json\/wp\/v2\/pages"}],"about":[{"href":"https:\/\/Juliak.you2.pl\/index.php\/wp-json\/wp\/v2\/types\/page"}],"author":[{"embeddable":true,"href":"https:\/\/Juliak.you2.pl\/index.php\/wp-json\/wp\/v2\/users\/1"}],"replies":[{"embeddable":true,"href":"https:\/\/Juliak.you2.pl\/index.php\/wp-json\/wp\/v2\/comments?post=21"}],"version-history":[{"count":1,"href":"https:\/\/Juliak.you2.pl\/index.php\/wp-json\/wp\/v2\/pages\/21\/revisions"}],"predecessor-version":[{"id":22,"href":"https:\/\/Juliak.you2.pl\/index.php\/wp-json\/wp\/v2\/pages\/21\/revisions\/22"}],"wp:attachment":[{"href":"https:\/\/Juliak.you2.pl\/index.php\/wp-json\/wp\/v2\/media?parent=21"}],"curies":[{"name":"wp","href":"https:\/\/api.w.org\/{rel}","templated":true}]}}